at is the thousands digit of 4758943?
8
What is the thousands digit of 80936?
0
What is the units digit of 390154?
4
What is the thousands digit of 182903?
2
What is the units digit of 633801?
1
What is the thousands digit of 15383223?
3
What is the thousands digit of 1358076?
8
What is the units digit of 595520?
0
What is the units digit of 1143679?
9
What is the hundreds digit of 1201648?
6
What is the tens digit of 2964981?
8
What is the units digit of 2074302?
2
What is the ten thousands digit of 2563603?
6
What is the thousands digit of 6554732?
4
What is the hundreds digit of 886049?
0
What is the tens digit of 164778?
7
What is the tens digit of 2907431?
3
What is the thousands digit of 2019561?
9
What is the units digit of 38177?
7
What is the tens digit of 321602?
0
What is the hundred thousands digit of 5983745?
9
What is the hundred thousands digit of 353884?
3
What is the units digit of 90876?
6
What is the units digit of 496936?
6
What is the thousands digit of 2520378?
0
What is the hundreds digit of 53592?
5
What is the tens digit of 513769?
6
What is the thousands digit of 102619?
2
What is the hundred thousands digit of 15136434?
1
What is the thousands digit of 125922?
5
What is the units digit of 1308921?
1
What is the ten thousands digit of 1859442?
5
What is the thousands digit of 195655?
5
What is the tens digit of 105071?
7
What is the millions digit of 1195834?
1
What is the hundreds digit of 1637643?
6
What is the thousands digit of 10664464?
4
What is the ten thousands digit of 12937640?
3
What is the tens digit of 11254288?
8
What is the tens digit of 137077?
7
What is the millions digit of 2886745?
2
What is the hundred thousands digit of 3475608?
4
What is the tens digit of 6443938?
3
What is the ten millions digit of 17640993?
1
What is the hundred thousands digit of 1409439?
4
What is the millions digit of 1835027?
1
What is the units digit of 914495?
5
What is the hundreds digit of 252299?
2
What is the hundreds digit of 228029?
0
What is the thousands digit of 29339?
9
What is the millions digit of 1159304?
1
What is the hundreds digit of 18576746?
7
What is the units digit of 10039981?
1
What is the ten millions digit of 20526417?
2
What is the hundred thousands digit of 359802?
3
What is the ten thousands digit of 2685626?
8
What is the hundreds digit of 442809?
8
What is the hundreds digit of 361560?
5
What is the thousands digit of 6582162?
2
What is the units digit of 1817249?
9
What is the thousands digit of 550006?
0
What is the units digit of 1967189?
9
What is the units digit of 30834808?
8
What is the thousands digit of 1876079?
6
What is the hundred thousands digit of 716057?
7
What is the hundred thousands digit of 220307?
2
What is the tens digit of 175924?
2
What is the units digit of 1104046?
6
What is the tens digit of 3478066?
6
What is the millions digit of 18127539?
8
What is the hundred thousands digit of 439612?
4
What is the hundreds digit of 207921?
9
What is the units digit of 2106525?
5
What is the units digit of 5611652?
2
What is the millions digit of 2820408?
2
What is the hundreds digit of 190591?
5
What is the tens digit of 13710?
1
What is the ten millions digit of 18356594?
1
What is the ten thousands digit of 4517721?
1
What is the hundred thousands digit of 686967?
6
What is the hundreds digit of 194714?
7
What is the millions digit of 8747012?
8
What is the thousands digit of 10164875?
4
What is the tens digit of 4897732?
3
What is the hundreds digit of 5933793?
7
What is the ten thousands digit of 799864?
9
What is the hundred thousands digit of 31065568?
0
What is the hundred thousands digit of 427052?
4
What is the tens digit of 57422?
2
What is the hundreds digit of 1865302?
3
What is the tens digit of 315326?
2
What is the thousands digit of 13850?
3
What is the thousands digit of 1100003?
0
What is the thousands digit of 164839?
4
What is the tens digit of 25363746?
4
What is the units digit of 8664163?
3
What is the hundreds digit of 30735049?
0
What is the thousands digit of 20236458?
6
What is the hundreds digit of 4110?
1
What is the thousands digit of 31828?
1
What is the ten thousands digit of 2168675?
6
What is the thousands digit of 1168700?
8
What is the thousands digit of 18415097?
5
What is the thousands digit of 2025839?
5
What is the thousands digit of 21697689?
7
What is the ten thousands digit of 619114?
1
What is the ten thousands digit of 168415?
6
What is the ten thousands digit of 4802896?
0
What is the hundred thousands digit of 2585751?
5
What is the ten thousands digit of 324468?
2
What is the hundred thousands digit of 823225?
8
What is the hundreds digit of 306627?
6
What is the hundreds digit of 151725?
7
What is the thousands digit of 2511700?
1
What is the thousands digit of 2849982?
9
What is the hundred thousands digit of 9250421?
2
What is the tens digit of 15181881?
8
What is the units digit of 191039?
9
What is the units digit of 22987295?
5
What is the thousands digit of 22063866?
3
What is the hundreds digit of 193231?
2
What is the thousands digit of 659964?
9
What is the units digit of 5992864?
4
What is the ten thousands digit of 3856361?
5
What is the tens digit of 2270053?
5
What is the tens digit of 2490053?
5
What is the hundred thousands digit of 6573119?
5
What is the millions digit of 1465249?
1
What is the hundred thousands digit of 717477?
7
What is the thousands digit of 156703?
6
What is the hundred thousands digit of 1072994?
0
What is the hundreds digit of 4017666?
6
What is the hundreds digit of 2981639?
6
What is the thousands digit of 1674795?
4
What is the units digit of 1840484?
4
What is the hundreds digit of 350512?
5
What is the hundred thousands digit of 7286737?
2
What is the hundred thousands digit of 1217666?
2
What is the tens digit of 986645?
4
What is the thousands digit of 357451?
7
What is the thousands digit of 63503?
3
What is the ten millions digit of 18468303?
1
What is the hundreds digit of 365314?
3
What is the hundreds digit of 8452672?
6
What is the thousands digit of 22685876?
5
What is the hundreds digit of 6416855?
8
What is the tens digit of 746657?
5
What is the units digit of 82946?
6
What is the tens digit of 4226906?
0
What is the thousands digit of 593225?
3
What is the hundreds digit of 259305?
3
What is the ten millions digit of 30327483?
3
What is the millions digit of 6152844?
6
What is the tens digit of 31505?
0
What is the tens digit of 1470779?
7
What is the units digit of 6939303?
3
What is the hundred thousands digit of 367386?
3
What is the millions digit of 5388622?
5
What is the units digit of 219857?
7
What is the hundreds digit of 2867949?
9
What is the hundred thousands digit of 229562?
2
What is the thousands digit of 2073079?
3
What is the thousands digit of 524240?
4
What is the hundreds digit of 25128981?
9
What is the millions digit of 5590499?
5
What is the ten thousands digit of 406925?
0
What is the tens digit of 950401?
0
What is the hundreds digit of 2264001?
0
What is the units digit of 4367548?
8
What is the millions digit of 18883077?
8
What is the thousands digit of 1484588?
4
What is the thousands digit of 163347?
3
What is the units digit of 214074?
4
What is the thousands digit of 100313?
0
What is the ten thousands digit of 16194742?
9
What is the ten thousands digit of 63327?
6
What is the hundred thousands digit of 2187837?
1
What is the hundred thousands digit of 4347768?
3
What is the ten thousands digit of 3336760?
3
What is the thousands digit of 389088?
9
What is the tens digit of 5923728?
2
What is the millions digit of 3907223?
3
What is the millions digit of 2746706?
2
What is the hundred thousands digit of 1538455?
5
What is the hundreds digit of 89845?
8
What is the tens digit of 31932?
3
What is the ten thousands digit of 252516?
5
What is the ten thousands digit of 569423?
6
What is the tens digit of 535254?
5
What is the thousands digit of 167324?
7
What is the thousands digit of 924843?
4
What is the ten thousands digit of 420272?
2
What is the hundreds digit of 116750?
7
What is the tens digit of 8933374?
7
What is the millions digit of 7913193?
7
What is the units digit of 4783834?
4
What is the tens digit of 408771?
7
What is the hu